 when 3114 is divided by 1553?
8
Calculate the remainder when 438 is divided by 22.
20
Calculate the remainder when 86 is divided by 32.
22
Calculate the remainder when 621 is divided by 26.
23
What is the remainder when 447 is divided by 152?
143
Calculate the remainder when 1314 is divided by 655.
4
What is the remainder when 13 is divided by 3?
1
What is the remainder when 1278 is divided by 7?
4
What is the remainder when 301 is divided by 62?
53
What is the remainder when 744 is divided by 22?
18
Calculate the remainder when 21 is divided by 12.
9
What is the remainder when 556 is divided by 181?
13
Calculate the remainder when 78 is divided by 42.
36
What is the remainder when 989 is divided by 62?
59
What is the remainder when 9968 is divided by 13?
10
What is the remainder when 60383 is divided by 277?
274
What is the remainder when 535 is divided by 16?
7
Calculate the remainder when 265 is divided by 18.
13
What is the remainder when 629 is divided by 79?
76
Calculate the remainder when 1263 is divided by 79.
78
Calculate the remainder when 1507 is divided by 299.
12
Calculate the remainder when 504 is divided by 2.
0
What is the remainder when 510 is divided by 131?
117
What is the remainder when 217 is divided by 42?
7
Calculate the remainder when 308 is divided by 31.
29
What is the remainder when 526 is divided by 36?
22
Calculate the remainder when 4237 is divided by 2117.
3
Calculate the remainder when 975 is divided by 218.
103
Calculate the remainder when 111 is divided by 28.
27
Calculate the remainder when 206 is divided by 13.
11
Calculate the remainder when 53 is divided by 19.
15
What is the remainder when 301 is divided by 111?
79
What is the remainder when 2697 is divided by 338?
331
What is the remainder when 801 is divided by 63?
45
Calculate the remainder when 860 is divided by 85.
10
What is the remainder when 944 is divided by 228?
32
What is the remainder when 1269 is divided by 98?
93
Calculate the remainder when 740 is divided by 31.
27
Calculate the remainder when 1479 is divided by 74.
73
Calculate the remainder when 279 is divided by 47.
44
Calculate the remainder when 51 is divided by 9.
6
Calculate the remainder when 422 is divided by 25.
22
Calculate the remainder when 237 is divided by 24.
21
What is the remainder when 113 is divided by 25?
13
Calculate the remainder when 427 is divided by 27.
22
Calculate the remainder when 759 is divided by 187.
11
Calculate the remainder when 89 is divided by 30.
29
Calculate the remainder when 615 is divided by 83.
34
Calculate the remainder when 198 is divided by 30.
18
What is the remainder when 84 is divided by 17?
16
Calculate the remainder when 787 is divided by 208.
163
What is the remainder when 385 is divided by 26?
21
What is the remainder when 18 is divided by 12?
6
Calculate the remainder when 666 is divided by 92.
22
Calculate the remainder when 83 is divided by 72.
11
What is the remainder when 179 is divided by 10?
9
Calculate the remainder when 330 is divided by 84.
78
Calculate the remainder when 127 is divided by 13.
10
Calculate the remainder when 867 is divided by 95.
12
Calculate the remainder when 88 is divided by 23.
19
What is the remainder when 618 is divided by 35?
23
Calculate the remainder when 407 is divided by 70.
57
Calculate the remainder when 157 is divided by 80.
77
Calculate the remainder when 6660 is divided by 171.
162
What is the remainder when 195 is divided by 39?
0
Calculate the remainder when 76 is divided by 20.
16
What is the remainder when 1073 is divided by 22?
17
What is the remainder when 178 is divided by 116?
62
What is the remainder when 61 is divided by 10?
1
Calculate the remainder when 379 is divided by 14.
1
Calculate the remainder when 682 is divided by 12.
10
Calculate the remainder when 6288 is divided by 37.
35
What is the remainder when 473 is divided by 150?
23
Calculate the remainder when 1189 is divided by 1178.
11
What is the remainder when 24 is divided by 13?
11
What is the remainder when 314 is divided by 88?
50
Calculate the remainder when 269 is divided by 21.
17
Calculate the remainder when 285 is divided by 72.
69
Calculate the remainder when 680 is divided by 87.
71
What is the remainder when 150 is divided by 126?
24
Calculate the remainder when 360 is divided by 32.
8
What is the remainder when 443 is divided by 6?
5
What is the remainder when 406 is divided by 10?
6
Calculate the remainder when 285 is divided by 48.
45
Calculate the remainder when 2078 is divided by 20.
18
Calculate the remainder when 59 is divided by 24.
11
What is the remainder when 204 is divided by 25?
4
What is the remainder when 500 is divided by 56?
52
What is the remainder when 137 is divided by 50?
37
Calculate the remainder when 114 is divided by 65.
49
What is the remainder when 251 is divided by 63?
62
Calculate the remainder when 131 is divided by 44.
43
Calculate the remainder when 34 is divided by 14.
6
What is the remainder when 118 is divided by 24?
22
Calculate the remainder when 99 is divided by 54.
45
Calculate the remainder when 413 is divided by 52.
49
Calculate the remainder when 125 is divided by 14.
13
Calculate the remainder when 9280 is divided by 182.
180
Calculate the remainder when 145 is divided by 49.
47
What is the remainder when 258 is divided by 66?
60
What is the remainder when 10730 is divided by 21?
20
What is the remainder when 522 is divided by 62?
26
Calculate the remainder when 416 is divided by 125.
41
What is the remainder when 1454 is divided by 52?
50
What is the remainder when 64436 is divided by 457?
456
Calculate the remainder when 214 is divided by 72.
70
What is the remainder when 893 is divided by 45?
38
Calculate the remainder when 194 is divided by 72.
50
What is the remainder when 62 is divided by 21?
20
What is the remainder when 730 is divided by 61?
59
What is the remainder when 1918 is divided by 214?
206
Calculate the remainder when 978 is divided by 28.
26
What is the remainder when 256 is divided by 245?
11
What is the remainder when 383 is divided by 85?
43
Calculate the remainder when 517 is divided by 14.
13
Calculate the remainder when 131 is divided by 12.
11
Calculate the remainder when 40 is divided by 7.
5
What is the remainder when 2725 is divided by 44?
41
Calculate the remainder when 583 is divided by 65.
63
What is the remainder when 2829 is divided by 13?
8
What is the remainder when 14 is divided by 10?
4
Calculate the remainder when 1222 is divided by 599.
24
What is the remainder when 30 is divided by 20?
10
Calculate the remainder when 3096 is divided by 163.
162
Calculate the remainder when 337 is divided by 169.
168
What is the remainder when 207 is divided by 49?
11
Calculate the remainder when 303 is divided by 44.
39
Calculate the remainder when 1392 is divided by 397.
201
What is the remainder when 133 is divided by 11?
1
Calculate the remainder when 39 is divided by 10.
9
Calculate the remainder when 918 is divided by 64.
22
Calculate the remainder when 163 is divided by 42.
37
What is the remainder when 330 is divided by 13?
5
What is the remainder when 1292 is divided by 22?
16
What is the remainder when 242 is divided by 140?
102
Calculate the remainder when 112 is divided by 3.
1
What is the remainder when 174 is divided by 15?
9
Calculate the remainder when 19 is divided by 11.
8
What is the remainder when 1921 is divided by 77?
73
What is the remainder when 458 is divided by 81?
53
What is the remainder when 23 is divided by 4?
3
What is the remainder when 8357 is divided by 47?
38
What is the remainder when 742 is divided by 8?
6
Calculate the remainder when 387 is divided by 31.
15
What is the remainder when 56 is divided by 32?
24
What is the remainder when 1375 is divided by 27?
25
Calculate the remainder when 2091 is divided by 162.
147
Calculate the remainder when 121 is divided by 19.
7
Calculate the remainder when 212 is divided by 44.
36
Calculate the remainder when 602 is divided by 84.
14
What is the remainder when 6787 is divided by 86?
79
Calculate the remainder when 9019 is divided by 41.
40
What is the remainder when 92 is divided by 32?
28
Calculate the remainder when 2308 is divided by 573.
16
What is the remainder 